Is r(-4) composite?
False
Suppose f = 5*u - 298951, 0*f + 5*f - 119602 = -2*u. Is u prime?
True
Suppose -12*j + 14*j = -6. Let p be j*(-3 - -2) - 5. Is 1/(2/p) + 195 a composite number?
True
Let u be 4*-21*(-4)/24. Is u/49*(789 - -2) composite?
True
Suppose -63*a - 2883 = -66*a. Is a a prime number?
False
Let j(v) = 4*v**3 + 191*v**2 + 21*v - 13. Is j(-35) prime?
False
Let d = 469 + -218. Is d a composite number?
False
Is 120/900 + 1530986/30 a composite number?
True
Let p(n) = 6*n**2 - 4*n - 3. Let a be 6/4*(-4)/(-3). Suppose 0 = -6*c + a*c - 28. Is p(c) composite?
True
Let k = 938 + 10259. Is k a prime number?
True
Suppose 0 = 2*g - 7*g + 15015. Suppose 5*p - 1952 = g. Is p a prime number?
True
Is (-31808)/(-10) + 21/105 a prime number?
True
Suppose 67*l - 71*l = -45868. Is l composite?
False
Suppose -3415 = -b + 17*v - 13*v, -5*b - 5*v = -17025. Is b a composite number?
False
Let n(j) be the second derivative of -j**5/20 + 17*j**4/12 - 3*j**3/2 + 17*j**2/2 + 28*j. Is n(12) prime?
False
Let l(d) = -29*d - 27. Suppose 3*g = -m - 41, 3*g + 0*g = 4*m - 16. Is l(g) a prime number?
False
Suppose -3*u + 708 = 3*t - 954, 5*u - 1099 = -2*t. Is t composite?
False
Is (-6557347)/(-1349) + (-4)/(-38) composite?
False
Suppose -2 = -h - 0. Suppose -4*i - 4*j = -267 - 205, 0 = -i - h*j + 115. Suppose -7*n + 8*n - i = 0. Is n a composite number?
True
Suppose 7*l + 9 - 93 = 0. Let a be (-2)/(-8) - 201/(-12). Suppose -l*u = -a*u + 1055. Is u composite?
False
Let n(o) = -958*o + 11. Let f be n(4). Let c = 5770 + f. Is c a composite number?
False
Suppose -6*x = -4*x + x. Suppose x = -0*b - 8*b + 2152. Is b prime?
True
Suppose 4*f = -16, 2*u + f + 5 - 19 = 0. Suppose -1726 + 610 = u*p. Let d = 350 + p. Is d a composite number?
True
Let x(z) = -2*z**3 - 59*z**2 - 39*z + 47. Is x(-29) a prime number?
True
Suppose 0 = -5*j + 10, -l - j = -6*l - 12. Let v(n) = -209*n**3 + n**2 - 6*n - 9. Is v(l) composite?
True
Let x = 44 - 42. Suppose -x*d = -2*s + 118, 4*d - d = 0. Is s a prime number?
True
Let u(k) = 1082*k**2 + 11*k + 11. Is u(-1) a composite number?
True
Suppose -4*z - 3*z = 7. Let f be z/(-2) + (-1659)/(-14). Suppose 3*w = 3*v - 342, -f = -v - 4*w - 0*w. Is v composite?
True
Suppose 7 = 3*l - 2. Suppose -7*h - l = -8*h. Suppose -v = h*m - 2*v - 73, -v = -5*m + 119. Is m a prime number?
True
Let z(w) = -157*w**3 - 2*w. Let b(f) = 158*f**3 + 2*f + 1. Let h(l) = -2*b(l) - 3*z(l). Is h(1) prime?
False
Let x(w) be the first derivative of w**3/3 - 2*w**2 - 8*w - 3. Let q be (-21)/3 - (0 + 2). Is x(q) a prime number?
True
Let v(u) = 57*u - 10 + 117*u - 37*u + 31. Is v(14) prime?
False
Let n(s) = 86*s + 103. Is n(33) composite?
True
Suppose 7*r = -5*n + 4*r + 1374, -3*n + r = -830. Let b = n - -517. Is b composite?
True
Suppose 0*b = -4*b. Let c(d) = d + 63. Let v be c(19). Suppose -v = -w - b*w. Is w a composite number?
True
Suppose -2*d - 4*d = 24. Is (-6)/d*((-33890)/15)/(-1) a composite number?
False
Let n(v) = 20*v**2 - 38*v + 26. Is n(30) a prime number?
False
Let l = 14 - 11. Let d(a) = 305*a**2 + 12*a - 2. Is d(l) prime?
False
Let h(u) = 18*u**2 + 13*u + 41. Is h(12) prime?
True
Let h(k) = 45*k + 2. Let d(x) = -44*x - 2. Let o(v) = -3*d(v) - 4*h(v). Let u be o(-4). Suppose -139 = -2*c - c - y, 4*c - u = y. Is c prime?
True
Suppose 4*g - 2*c = -1422 - 8704, -7595 = 3*g - c. Let h = g + 3947. Is h a prime number?
False
Let v(m) = m - 11. Let i be v(16). Suppose i*o + 201 = 8*o. Is o prime?
True
Let a(y) = 325*y - 186. Is a(21) composite?
True
Is (3/9)/((-62)/(-5944746)) a prime number?
False
Suppose -4*j - 27395 = 3*q - 8*q, 4*q - 4*j = 21916. Is q prime?
True
Let d = -2 - 5. Suppose -2*n + v + 5 + 4 = 0, -5*n + 30 = -v. Is 26*18 - d/n a prime number?
False
Suppose 3*l - 2*d = -2*l + 214, l - 41 = d. Suppose -l*c + 42*c = -2434. Is c composite?
False
Suppose -4*m - 241 + 3477 = 0. Is m a composite number?
False
Suppose 14*i - 13*i - 4513 = -2*l, -i + 5*l = -4492. Is i composite?
False
Let t be ((-3)/6)/(7/(-33642)). Is t/12 - (-15)/20 prime?
False
Let z = -7755 - -16258. Is z prime?
False
Let r = -18 + 24. Let j(x) = 2*x**3 - 10*x**2 + 12*x + 5. Is j(r) a prime number?
True
Let i(k) = 7051*k**2 + k + 1. Is i(-1) composite?
True
Let g(r) = -r - 1. Let c be g(-5). Let x = c + -815. Let p = 1164 + x. Is p a composite number?
False
Let c = -829 + 313. Let l = -158 - c. Is l composite?
True
Suppose -4*q + 8*q = 8. Suppose 4*h = q*g - 4*g + 178, 3*g = 2*h - 77. Suppose x - h = 40. Is x composite?
False
Suppose 2*c + 31 = -5*j - 35, 4*j + 57 = -3*c. Is (2/(-2))/(j/804) a composite number?
False
Let b = -12 + 15. Let v(m) = 18*m + 5 + 2 - 2 - 2. Is v(b) a prime number?
False
Let c be 3 - (-4 - 1361 - -1). Suppose -5*i - 5*y + c = -y, 3*y = -i + 280. Is i a prime number?
True
Suppose -4*g + 14829 = -11567. Is g a prime number?
True
Suppose 9647 = 2173*g - 2162*g. Is g a composite number?
False
Let u = -13 + 16. Suppose u*n - n - 310 = 0. Let o = n - -162. Is o composite?
False
Suppose -2*q + 2198 = 5*q. Suppose 0 = -0*d - 2*d + q. Is d a composite number?
False
Let g(u) = -31*u**3 - 2*u**2 - 3. Let r(p) = -4*p - 68. Let f be r(-16). Is g(f) prime?
True
Let u = 3751 + 2472. Let n = u + -3444. Is n composite?
True
Is (10/10 + 2722)/1 prime?
False
Let s be (2 - 2)/(-3) + -1 + 3. Suppose -r = -s*r + 1039. Is r a prime number?
True
Let n(d) = -2*d**3 - 4*d**2 - 2*d + 2. Let c be n(-2). Let k be (-9)/c*(-12)/(-9). Is (-300 - 7)/(k - -1) a composite number?
False
Suppose u - 4*s = 29, 3*s = -2*u - 0 + 3. Suppose r = 4*r - u. Suppose 2*k + 4 + 379 = 3*n, -r*n = 4*k - 377. Is n a composite number?
False
Let w = 56 - 297. Let t = 456 + w. Is t a prime number?
False
Suppose -p - 117 = -3*a - 491, 0 = 3*p + a - 1102. Let g = 621 - p. Is g prime?
False
Suppose 11397 = 33*a - 82092. Is a prime?
True
Let z(v) = v**3 - 10*v - 12. Let o be z(9). Suppose -4*c + 2*g + 399 = -895, -o = -2*c + 5*g. Is c prime?
False
Let h = -97 - -100. Suppose 647 + 1744 = h*i. Is i prime?
True
Let h(i) = 699*i - 2. Suppose -2*f - 5 = 4*s - 5*s, -s + 6 = -3*f. Let b be h(s). Suppose -17*l - b = -22*l. Is l a prime number?
True
Suppose -68240 = 6*v - 22*v. Is v prime?
False
Suppose -6050 = -5*p - 5*o, 4*p - 3*o = p + 3654. Is p a prime number?
False
Let v be (-8 - (-2 - -1))*-11. Let p be (v/(-2))/(2/(-12)). Suppose -j + p = 2*j. Is j prime?
False
Let w(q) = 6*q**2 - q + 7. Let t be w(6). Let i(b) = -b**3 + 5*b**2 + 5*b + 11. Let a be i(6). Suppose a*l = l + r + t, 5*r = -l + 28. Is l prime?
True
Let s(i) = 2*i**3 + 6*i**2 - 2*i - 15. Let j be s(-6). Let g = -5 - j. Is g prime?
False
Let s(m) = -105*m - 5. Let b(a) = -105*a - 4. Let o(l) = 6*b(l) - 5*s(l). Suppose -10 = y + 4*y. Is o(y) a prime number?
True
Let x(f) = -129*f - 47. Is x(-2) prime?
True
Let y(h) be the second derivative of 2/5*h**5 + 1/4*h**4 - 4*h + 2/3*h**3 - 2*h**2 + 0. Is y(3) prime?
True
Let h be (-2)/(-2) + -1 + -2. Is 1*h*3188/(-8) prime?
True
Suppose -13 = -c - 3. Suppose 12052 = c*z - 6*z. Is z a composite number?
True
Let a = 440 + -227. Suppose 0 = -p + 2*y + 307, -3*p - 3*y + 1098 = a. Is p composite?
True
Let q(w) = -40*w + 30983. Is q(0) prime?
True
Suppose -3932 + 13646 = 6*n. Is n a composite number?
False
Let j(y) = 302*y + 9. Let h be j(4). Let n = h - 660. Is n a prime number?
True
Is (-14)/(-49) - (-2)/(-14)*-118361 a prime number?
False
Let f(b) be the second derivative of 2*b**3/3 - 4*b**2 + 5*b. Let o be f(3). Suppose -20 = 4*p, o*j + 0*j - 2*p = 1502. Is j composite?
False
Suppose 157 = -a + 23. Let s = -50 - a. Suppose -s - 371 = -4*g + u, -2*g - u = -235. Is g composite?
True
Let c = 82 - 80. Suppose -6593 = -5*o + h, -7*o + c*h - 1323 = -8*o. Is o prime?
True
Suppose -2*s - s = -6. Let g be s/(-12) + 670/60. Suppose -g*i + 42 = -9*i. Is i a composite number?
True
Suppose 6*j - 9*j + 4*v + 1145 = 0, -j - 2*v + 375 = 0. Is j a prime number?
True
Suppose 0 = 3*n + 2*a, n + 0*a + 2*a - 4 = 0. Let o(h) = -h. Let s(k) = k**2 - 25*k + 17. Let m(u) = n*o(u) - s(u). Is m(15) a prime number?
True
Suppose -5*k + 10 + 15 = 0. Suppose 2408 = k*x - 3*x. Suppose -i - 3*i = -x. Is i prime?
False
Let m = -5 + 8. Suppose 0 = -o - k + 55, m*o - 2*k = k + 159. Is 2887/9 - (-12)/o composite?
True
Let h(g) = 13*g + 1. Let v be h(-11).